ens digit of w?
1
Let f(x) = -x**3 + x**2 + x - 1. What is the units digit of f(-2)?
9
Let m = -2 - -2. Let q = m + -8. Let h = -6 - q. What is the units digit of h?
2
Suppose 3*r + 2 = 4*a + 29, -3*r + 2*a = -21. Suppose -10 = -0*u + r*u. What is the units digit of u/(-4) + (-34)/(-4)?
9
Let o = 5 - -15. Suppose 0 = 5*r - r - o. What is the units digit of r?
5
Let h be (-1 + 2 + -29)*1. Let u = 16 - h. What is the tens digit of u?
4
Suppose 240 = -5*o + m + m, 4*o + 2*m = -174. Let x = o - -65. What is the units digit of x?
9
Let s = 7 + -5. Suppose 0*v - 20 = s*v. What is the units digit of (-6)/v - (-8)/20?
1
Suppose 0*q = 3*r - 2*q + 96, -6 = 2*q. What is the tens digit of 4*1 - (r + -10)?
4
Suppose 0 = 7*m - 3*m + 1656. What is the units digit of (6/4)/((-27)/m)?
3
Suppose -4*f + 33 = o + f, 0 = -3*f + 15. What is the units digit of 4/(-2)*(-20)/o?
5
Let n(r) = -r**3 + 5*r**2 + 11*r - 13. Let w be 2 + (-2)/(-2)*4. What is the units digit of n(w)?
7
Suppose 0*x - 5*x = -5*q - 335, 2*x + q = 137. What is the units digit of x?
8
Let z = 10 + -7. Suppose -2*k = -5*b - 10, -2*b - b = 0. Suppose 2 = -f - z*s, -2*f + f + 4*s + k = 0. What is the units digit of f?
1
Let n = -34 + 69. What is the tens digit of n?
3
Let k = -4 - -32. What is the units digit of k?
8
Let l = -7 - -12. Suppose l*f = 3*f. Let z = f + 4. What is the units digit of z?
4
Let y = 236 + -29. What is the hundreds digit of y?
2
Let x be (9/6)/(6/16). Suppose -8 - x = -h. Suppose q = -q + 4*f - 10, 4*f - h = 0. What is the units digit of q?
1
Let w be 1*(2 + 0 + -3). Let n(s) = -14*s + 1. What is the tens digit of n(w)?
1
Let s(z) = z**3 + 5*z**2 + 2*z - 5. Let y be s(-4). Let f(l) = -l**3 - 18*l**2 - 18*l - 16. Let x be f(-17). Let a = x + y. What is the units digit of a?
4
Suppose -14*d = -17*d + 12. Suppose 0 = -d*h + 2*z + 109 + 69, -3*z + 55 = h. What is the units digit of h?
6
Suppose -153 = -2*b + 51. What is the units digit of b?
2
What is the units digit of 1/(-6) + -4 + (-49)/(-6)?
4
Suppose -5*w + 7*w - 6 = 0. What is the units digit of w?
3
Let d(k) = -k + 11. Suppose 0 = -5*m + 3*m + 10. Let o be d(m). Suppose v - o = -1. What is the units digit of v?
5
Let m = -15 + 26. What is the units digit of m?
1
Let f be (0/(-1))/(2 - 3). Suppose -5*y + 80 = -4*h, f*y + 3*y - 87 = 5*h. Let q = h - -23. What is the units digit of q?
8
Let o = -11 + 141. What is the tens digit of o?
3
Let w(v) = v - 1. Let q(u) = u**3 - 7*u**2 + 2*u + 10. Let b(g) = -q(g) - 2*w(g). What is the units digit of b(6)?
4
Let g(r) be the third derivative of -r**5/60 - r**4/24 + 2*r**2. Let d be g(-1). Suppose -x - 3 = n + 3*x, d = -4*n - 3*x + 14. What is the units digit of n?
5
Let i be (-4)/(-6) - 4/(-3). Suppose -4*n = -4*m + 40, 5*m + n - 42 = i*n. What is the units digit of m?
8
Let d(m) = 8*m**2 - 2*m + 1. Suppose -5*s = -0*y + y + 14, s = -3*y. What is the units digit of d(y)?
7
What is the tens digit of (1/(-3) - 0)/((-11)/2013)?
6
Suppose 0 = 2*h + 2*y - 34, 5*y + 13 = -7. What is the tens digit of h?
2
Suppose 2*b - 13 - 7 = 0. Let d = b - 4. Suppose 5*z + 1 + 2 = -4*j, 0 = -3*j - d. What is the units digit of z?
1
Let p(v) = -2*v**3 + 24*v**2 - 20*v + 2. What is the units digit of p(10)?
2
Let o(c) be the first derivative of -c**2 + 4*c - 1. Let j be o(-5). Suppose 0 = 5*i - 59 + j. What is the units digit of i?
9
Suppose 0 = -2*a + a + 79. What is the units digit of a?
9
Let u(r) = r**2 - 4. Let x(b) = 1. Let i(j) = u(j) + x(j). Let w be i(6). Suppose w = l + 2*l. What is the tens digit of l?
1
Suppose 9 = 2*i + 1. What is the units digit of i?
4
Let z(d) be the first derivative of 2*d**2 - 2*d - 3. What is the units digit of z(2)?
6
Let i be -1 - ((-5 - -2) + -1). Suppose i*p = -3*k + 18, -2*p + 51 - 9 = 5*k. What is the tens digit of k?
1
Let u be 2/(-6) - 80/(-15). Suppose -7*i = -u*i - 38. What is the units digit of i?
9
Suppose -90 = w + 4*w. Let t(c) = 4*c**2 - 2*c - 1. Let o be t(3). Let a = w + o. What is the tens digit of a?
1
Let v be 3*(2 - -1)/(-9). Let r = 5 - 4. Let x = r - v. What is the units digit of x?
2
Let i(h) = 4*h - 7. Let l be i(-5). Suppose -125 + 47 = -2*a. Let f = l + a. What is the tens digit of f?
1
Suppose -3*d + 136 = -j + 2*j, -3*d - 3 = 0. What is the tens digit of j?
3
Suppose -2*c - c + z + 119 = 0, z = -3*c + 127. What is the units digit of c?
1
Let j be (-12)/4 + 3 + -2. What is the units digit of j + 1 - (-12 - 33)?
4
Let m(n) = -7*n - 11. What is the units digit of m(-7)?
8
Let x = 16 - 8. What is the units digit of x?
8
Let c = 54 + -33. Let o = c - -14. Suppose 5*b + 0 = o. What is the units digit of b?
7
Suppose 4*w - 8*w + 368 = 0. Suppose 3*k = k - w. What is the units digit of 2/5 + k/(-10)?
5
Let m(j) = -j**2 + 8*j - 7. Let k be m(6). Suppose -t = -2*t + 7. Let z = t - k. What is the units digit of z?
2
Let g(t) = -t**3 - 7*t**2 - 5*t - 7. What is the tens digit of g(-7)?
2
Suppose -3*s - 8 = -47. Let y = 31 - s. What is the units digit of y?
8
Let k be (-2 - -1) + 10 + 1. Suppose k = -3*q + 4*q. What is the units digit of q?
0
Let n(f) = -10*f + 8. Let x be n(-13). What is the tens digit of x/10 + 4/20?
1
Let g = 0 + 3. Let o = -7 + 10. Suppose 0 = -o*x + 6 + g. What is the units digit of x?
3
Suppose -3*n + 3 = -3*j, -n + 7 = -5*j + 3*n. Let a be j/(1 - -2) - -1. Let z = a + 3. What is the units digit of z?
3
Suppose 2*q + 4 = 3*q. Suppose 1 = -q*j + 9. Suppose n + j*y - 1 = -y, -4*y = 8. What is the units digit of n?
7
Let z(b) = -2*b - 10. Let k be z(-7). Let w be (-2 - 38)*(-2)/k. Let g = w - 12. What is the units digit of g?
8
Let k = -18 - -26. What is the units digit of k?
8
Let g(b) = b**3 - 4*b**2 + b - 5. What is the tens digit of g(5)?
2
Suppose -8*g = -3*g - 25. Suppose -g*h = -2*a + 50, -4*a = -a + h - 58. What is the units digit of a?
0
Suppose 0 = -5*w + 2*w + 144. Suppose 0*f + 2*f + w = 0. Let u = -12 - f. What is the tens digit of u?
1
Let s(l) = l - 12. Let v be s(0). Let f(o) = 2*o**2 + 12*o + 2. Let i be f(-6). What is the units digit of (1/i)/((-1)/v)?
6
Suppose -k = -4*n - 29, 5*n = 4*k + n - 56. What is the units digit of k?
9
Let l(k) = -2*k. Let n(x) = -x + 3. Let v be n(4). Let s be l(v). Suppose -5*u = -s*u - 24. What is the units digit of u?
8
Let i = 51 - -33. What is the tens digit of i?
8
Let x = -8 + 14. Let f = x + -4. What is the units digit of f?
2
Suppose -3*s + 3 = -9. What is the units digit of s/(-5)*75/(-10)?
6
Let h(n) be the third derivative of n**4/12 + 5*n**3/6 + 6*n**2. What is the units digit of h(7)?
9
Let g(r) = -10*r**3 + 19*r**2 - 9*r. Let x(l) = -3*l**3 + 6*l**2 - 3*l. Let u(i) = -2*g(i) + 7*x(i). Let b be u(2). Let f = b + 2. What is the units digit of f?
4
Let y(r) = 2*r. Let b be y(2). Suppose b*m - 53 = 27. What is the tens digit of m?
2
Let a = 284 - 170. What is the hundreds digit of a?
1
Let o = -3 - -3. Suppose n - 1 = -o*n. Let g = 0 + n. What is the units digit of g?
1
Let m(h) = -68*h + 1. Let q be m(-1). Suppose 120 = 4*v + x - 27, -2*v + q = 5*x. What is the units digit of v?
7
Let g = -56 - -100. What is the tens digit of g?
4
Let x = 973 - 560. What is the units digit of x?
3
Let h(o) = -o**2 + 3*o + 1. Let i be h(4). Let f = 3 + i. Suppose -4*d = -4*l - 24, l = -2*d - f*d + 15. What is the units digit of d?
7
Let i be 6/(-9)*9/3. Let s(o) = -o**2 - 7*o + 8. Let k be s(-6). Let p = i + k. What is the units digit of p?
2
Let o be (13/3)/(2/6). Suppose 3*p - 34 = -2*h + 4*h, p - h = o. Suppose -3*t - f = -2 - 7, 4*f = -5*t + p. What is the units digit of t?
4
Let i be -2*1/((-6)/(-177)). Let k = i + 93. What is the units digit of k?
4
Suppose -6 = -3*n + 3. Suppose -4*z - 4 = 4*c, n*z + c + 3*c = -8. What is the units digit of z?
4
Let t = 334 - 238. What is the units digit of t?
6
Let p be (-4 + 1)/(2/(-10)). Suppose -2*v + p = 3*v. Suppose -v*h = -h - 24. What is the units digit of h?
2
Let k(m) = -m + 1. Let u be k(10). Let y = 14 + u. What is the units digit of y?
5
Let y = 5 - 32. Suppose -4*u - 5*k = -3*k + 64, -5*u = -3*k + 80. Let f = u - y. What is the units digit of f?
1
What is the hundreds digit of 4/(-14) - (-4 + (-898)/7)?
1
What is the tens digit of -114*(5 - 5 - 1/2)?
5
Suppose 5*j - 196 = 24. Let f = -15 + j. Let t = -12 + f. What is the units digit of t?